t is -14 - -120661?
120645
In base 2, what is -101110 - 1000011101010?
-1000100011000
In base 9, what is -2338 - -204?
-2134
In base 5, what is 313 - 3400?
-3032
In base 2, what is -1101 - 1001001010?
-1001010111
In base 9, what is 31 + 3704?
3735
In base 7, what is 105 - -610?
1015
In base 11, what is 330 + -222a?
-19aa
In base 10, what is -187296 + 2?
-187294
In base 15, what is 5 - -582?
587
In base 4, what is -13 - -11002301?
11002222
In base 11, what is -4080 + 23?
-4058
In base 16, what is 1 - 33a?
-339
In base 9, what is 5722 - -208?
6031
In base 14, what is 2 - -15dd3d?
15dd41
In base 16, what is 4c + -ec7?
-e7b
In base 15, what is 2 - 21473?
-21471
In base 5, what is 14004400 + 1?
14004401
In base 11, what is 3 - -828451?
828454
In base 8, what is -4254 - 651?
-5125
In base 6, what is -11240 - -12?
-11224
In base 9, what is 0 + -37313?
-37313
In base 15, what is -295c4 + 3?
-295c1
In base 6, what is -35402 - -3?
-35355
In base 16, what is -c33d8 + 1?
-c33d7
In base 4, what is 112 + 21311?
22023
In base 15, what is -1 + -4398?
-4399
In base 12, what is 522832 - 5?
522829
In base 15, what is ce + 77?
156
In base 13, what is 15 + 3875?
388a
In base 11, what is 1886 + -4?
1882
In base 7, what is 45 - 434?
-356
In base 5, what is -2444 + 430?
-2014
In base 2, what is 1 + -110110100010?
-110110100001
In base 13, what is 6ab7c - -2?
6ab81
In base 3, what is -11012202120110 - -1?
-11012202120102
In base 2, what is 101111101 - 10010?
101101011
In base 14, what is -bd + ab1?
9d2
In base 13, what is 26 + -c23?
-bca
In base 10, what is 107905 + 6?
107911
In base 11, what is 836 - a8?
739
In base 6, what is -351 - 30?
-421
In base 12, what is 715 + -31?
6a4
In base 11, what is 27 + -15a8?
-1581
In base 16, what is -3a93 + -1?
-3a94
In base 10, what is 1 + -313782?
-313781
In base 5, what is 30 + 304403?
304433
In base 15, what is -2 - -3de8?
3de6
In base 8, what is -36434321 + -1?
-36434322
In base 7, what is 2355 + -63?
2262
In base 9, what is -52247 + 41?
-52206
In base 12, what is 173976 + -5?
173971
In base 10, what is 221331 + 5?
221336
In base 8, what is -106 + 1564?
1456
In base 7, what is -3025 - 65?
-3123
In base 2, what is -110111101101 - -101101111?
-110001111110
In base 16, what is -39b21 - -d?
-39b14
In base 9, what is 3626 + 1551?
5277
In base 5, what is -321142040 + 11?
-321142024
In base 3, what is -1 - 11021121200?
-11021121201
In base 8, what is -1765372 - 2?
-1765374
In base 12, what is -293 + -107?
-39a
In base 11, what is -4 - 134792?
-134796
In base 9, what is -3 + 26607?
26604
In base 5, what is 42313223 - 4?
42313214
In base 3, what is -1102111122 + -10?
-1102111202
In base 10, what is 120 + 174?
294
In base 6, what is -21 + -33411?
-33432
In base 12, what is -78 + -779?
-835
In base 10, what is 11637 + -37?
11600
In base 10, what is 112 - -24391?
24503
In base 9, what is -225614 - -6?
-225607
In base 10, what is 1 + 31249?
31250
In base 6, what is 102442 + -1351?
101051
In base 13, what is -3244b3 + 5?
-3244ab
In base 6, what is -15202233 + 10?
-15202223
In base 8, what is 334001 + -4?
333775
In base 16, what is 1 - 8d5?
-8d4
In base 2, what is 100000110001010110 - 0?
100000110001010110
In base 14, what is 4857 - -4?
485b
In base 11, what is 12279 + -13?
12266
In base 10, what is -24691 - 95?
-24786
In base 13, what is -4 + -291?
-295
In base 15, what is 546 - -73?
5b9
In base 6, what is 3 - 25033?
-25030
In base 5, what is -1 + 2034211?
2034210
In base 9, what is -105 + 21241?
21135
In base 14, what is 0 - 14c6d9?
-14c6d9
In base 6, what is -41 - 11125?
-11210
In base 4, what is -112032022 + 10?
-112032012
In base 12, what is 5632b13 + -5?
5632b0a
In base 10, what is -3 - 52797?
-52800
In base 6, what is -1344 + -21?
-1405
In base 8, what is -12352 + -16?
-12370
In base 8, what is 10 - 54534?
-54524
In base 10, what is 5 + 142406?
142411
In base 7, what is -3311514 - 0?
-3311514
In base 14, what is -1 + -448db?
-448dc
In base 8, what is 3224071 + -6?
3224063
In base 16, what is 4832 + -1?
4831
In base 7, what is -1 - 105601?
-105602
In base 6, what is 1213 - -10?
1223
In base 2, what is 1011110100011010 - 11?
1011110100010111
In base 7, what is -5 - 314545?
-314553
In base 7, what is -1 + 1266266?
1266265
In base 3, what is 101212 - 12222010?
-12120021
In base 8, what is 135 + 10412?
10547
In base 4, what is 111032 + -10111?
100321
In base 6, what is 1104 + -1023?
41
In base 5, what is 234 + 443?
1232
In base 7, what is 114 + -40?
44
In base 6, what is 1135 - 453?
242
In base 15, what is 1 + -20a?
-209
In base 2, what is -101000001011101 + 1000010?
-101000000011011
In base 2, what is -1000110 - 100100010111101?
-100100100000011
In base 11, what is 25a985 - -5?
25a98a
In base 13, what is -61 + 93?
32
In base 9, what is -10505 - 8?
-10514
In base 4, what is 313 - 2001102?
-2000123
In base 5, what is 120300312 - -3?
120300320
In base 2, what is -11 - 10000111110001100010?
-10000111110001100101
In base 12, what is -13b0 + 203?
-11a9
In base 5, what is -13 - -43220?
43202
In base 3, what is -1021 + 1112202002?
1112200211
In base 2, what is -1110 + -100100000001?
-100100001111
In base 6, what is -3311325 - -5?
-3311320
In base 12, what is -601b + 99?
-5b42
In base 14, what is -14 - -2957?
2943
In base 5, what is -200 - -1424301?
1424101
In base 11, what is -5 - 6297?
-62a1
In base 12, what is 4 + 448aa8?
448ab0
In base 16, what is 3 - -4b77?
4b7a
In base 16, what is -1124 - 8a?
-11ae
In base 13, what is -79 - -5a?
-1c
In base 5, what is 2130 + -111?
2014
In base 13, what is -194bc + 4?
-194b8
In base 8, what is 446 + -1037?
-371
In base 5, what is -23222311 + 10?
-23222301
In base 11, what is a8471 + a?
a8480
In base 4, what is 121011122 - -11?
121011133
In base 15, what is 828 - -11c?
945
In base 2, what is -111001010101 - -10011001?
-110110111100
In base 12, what is 2 - 29a5?
-29a3
In base 16, what is 1 - 2a4?
-2a3
In base 10, what is 2 - -30639?
30641
In base 7, what is 24 - -155255?
155312
In base 15, what is d6 - 27?
ae
In base 16, what is -1b8c + -3?
-1b8f
In base 5, what is -1020342133 - 1?
-1020342134
In base 13, what is -1109a - 16a?
-11237
In base 8, what is -150065 + -3?
-150070
In base 7, what is 32652161 + 3?
32652164
In base 15, what is -1 + 3909?
3908
In base 11, what is 1 + 237a55?
237a56
In base 15, what is 36 - -18771?
187a7
In base 15, what is 1 + 992c?
992d
In base 12, what is -401 + 37?
-386
In base 10, what is -4 - 9773?
-9777
In base 8, what is -145304 - -1?
-145303
In base 4, what is -10 + -1003233022?
-1003233032
In base 2, what is 1110111000101 - -111?
1110111001100
In base 2, what is 1001110101001010 + 100?
1001110101001110
In base 10, what is -7004 - 3?
-7007
In base 14, what is -571 + 21c?
-353
In base 3, what is 1021002001 + 101?
1021002102
In base 10, what is -11 + -3471?
-3482
In base 6, what is -410314 + 32?
-410242
In base 11, what is -4 + 50700?
506a7
In base 16, what is -143e3 - -1?
-143e2
In base 7, what is 4 - 1021010?
-1021003
In base 16, what is -80b5 - 1?
-80b6
In base 10, what is 74340 + -27?
74313
In base 9, what is -5 - 12408?
-12414
In base 14, what is -2729d8 - 6?
-272a00
In base 3, what is -2 - -2000221112121?
2000221112112
In base 6, what is 335 + -2313?
-1534
In base 8, what is -142 + 3417?
3255
In base 8, what is -130127 - 16?
-130145
In base 14, what is -b9b + -5?
-ba2
In base 14, what is 50d + -37?
4b6
In base 13, what is -2 - -23ca?
23c8
In base 7, what is -63510 - 1233?
-65043
In base 5, what is -2140 - -1400?
-240
In base 6, what is 5 + 50252?
50301
In base 9, what is -14 + 4847?
4833
In base 11, what is 18 - -826?
843
In base 12, what is 2 + -8a231?
-8a22b
In base 5, what is 24344 + -44221?
-14322
In base 4, what is -202 - -332333?
332131
In base 9, what is 13 - 477?
-464
In base 16, what is 33e - 1?
33d
In base 10, what is -55263 - 43?
-55306
In base 5, what is 3 - -300042420?
300042423
In base 13, what is 71 + c59?
cca
In base 4, what is -1 - 12213222122?
-12213222123
In base 10, what is 333 - 157?
176
In base 10, what is 395 + -66?
329
In base 15, what is -9cc + 8?
-9c4
In base 15, what is -173 - b6?
-239
In base 14, what is 5 + 352a?
3531
In base 3, what is 1021222 + 12?
1022011
In base 9, what is -12 - -14106?
14084
In base 5, what is 0 + 104112?
104112
In base 7